mainder when 25681728 is divided by 1401?
1398
Calculate the remainder when 844672 is divided by 146.
62
Calculate the remainder when 87838564 is divided by 664.
660
What is the remainder when 2171302 is divided by 1878?
334
What is the remainder when 271957 is divided by 4574?
2091
Calculate the remainder when 40445 is divided by 40188.
257
Calculate the remainder when 1797808668 is divided by 745.
743
What is the remainder when 39842678 is divided by 5781?
26
What is the remainder when 154176 is divided by 3500?
176
What is the remainder when 307329 is divided by 1646?
1173
What is the remainder when 615651 is divided by 895?
786
Calculate the remainder when 15400829 is divided by 2200118.
3
What is the remainder when 295699465 is divided by 66?
61
What is the remainder when 980503 is divided by 979246?
1257
Calculate the remainder when 36216623 is divided by 1981.
1962
What is the remainder when 2859 is divided by 2832?
27
What is the remainder when 2936065 is divided by 734007?
37
Calculate the remainder when 193544 is divided by 27643.
43
Calculate the remainder when 77272 is divided by 5857.
1131
What is the remainder when 2667298 is divided by 201?
28
What is the remainder when 11907569 is divided by 1984593?
11
Calculate the remainder when 38620 is divided by 7574.
750
Calculate the remainder when 506245 is divided by 506156.
89
What is the remainder when 657753630 is divided by 109?
106
Calculate the remainder when 961291 is divided by 47988.
1531
What is the remainder when 13952 is divided by 197?
162
What is the remainder when 1517867 is divided by 3136?
43
What is the remainder when 542197 is divided by 1109?
1005
What is the remainder when 312435 is divided by 10738?
1033
Calculate the remainder when 4773789 is divided by 251249.
58
Calculate the remainder when 119771 is divided by 17107.
22
Calculate the remainder when 11388 is divided by 478.
394
Calculate the remainder when 1973580 is divided by 2225.
5
What is the remainder when 27109952 is divided by 197?
191
What is the remainder when 10614871 is divided by 782?
3
What is the remainder when 1347524 is divided by 62?
16
What is the remainder when 70160 is divided by 438?
80
What is the remainder when 148704 is divided by 2219?
31
What is the remainder when 3395188 is divided by 1131723?
19
Calculate the remainder when 107611 is divided by 22.
9
Calculate the remainder when 9014706 is divided by 895.
266
Calculate the remainder when 51181 is divided by 7574.
5737
Calculate the remainder when 342441 is divided by 171219.
3
Calculate the remainder when 185275 is divided by 20584.
19
Calculate the remainder when 6635186 is divided by 4237.
44
What is the remainder when 11466042 is divided by 349?
345
What is the remainder when 7050719 is divided by 714?
683
What is the remainder when 156591569 is divided by 10675?
10669
Calculate the remainder when 495615 is divided by 38037.
1134
What is the remainder when 349747846 is divided by 5050?
5046
What is the remainder when 103777 is divided by 7440?
7057
What is the remainder when 1169419 is divided by 201?
1
Calculate the remainder when 2076896 is divided by 649.
96
Calculate the remainder when 267013 is divided by 29547.
1090
Calculate the remainder when 132319 is divided by 132303.
16
Calculate the remainder when 1003138703 is divided by 7436.
7431
Calculate the remainder when 237094 is divided by 235540.
1554
Calculate the remainder when 265253 is divided by 583.
571
What is the remainder when 2730956 is divided by 3355?
3341
What is the remainder when 5169920 is divided by 45?
5
Calculate the remainder when 79839 is divided by 2182.
1287
Calculate the remainder when 208725 is divided by 1716.
1089
What is the remainder when 3890202 is divided by 555699?
309
Calculate the remainder when 108757923 is divided by 18.
15
Calculate the remainder when 39981461 is divided by 205033.
26
Calculate the remainder when 11994489 is divided by 571165.
24
Calculate the remainder when 4392 is divided by 151.
13
What is the remainder when 3050590 is divided by 100?
90
What is the remainder when 20944666 is divided by 350?
316
What is the remainder when 6210872 is divided by 477734?
330
Calculate the remainder when 14564227 is divided by 14953.
5
What is the remainder when 106989776 is divided by 6?
2
Calculate the remainder when 464596437 is divided by 1470.
1467
What is the remainder when 107104077 is divided by 4799?
4794
Calculate the remainder when 3841072 is divided by 23857.
95
What is the remainder when 41113 is divided by 40744?
369
Calculate the remainder when 282033 is divided by 2187.
2097
Calculate the remainder when 142456 is divided by 136.
64
What is the remainder when 2750150 is divided by 1249?
1101
What is the remainder when 20130 is divided by 4613?
1678
What is the remainder when 355702464 is divided by 5047?
5045
What is the remainder when 69520196 is divided by 3243?
5
Calculate the remainder when 1491947 is divided by 37.
33
What is the remainder when 539231 is divided by 274?
273
What is the remainder when 11559294 is divided by 2889815?
34
What is the remainder when 409578 is divided by 14123?
11
Calculate the remainder when 16848797 is divided by 50.
47
What is the remainder when 996469 is divided by 40?
29
Calculate the remainder when 128472 is divided by 623.
134
Calculate the remainder when 40316 is divided by 1146.
206
What is the remainder when 1413746 is divided by 282683?
331
What is the remainder when 554850 is divided by 7?
2
Calculate the remainder when 8596216 is divided by 1968.
1960
What is the remainder when 34379 is divided by 3079?
510
Calculate the remainder when 124006 is divided by 61812.
382
Calculate the remainder when 12842446 is divided by 388.
34
What is the remainder when 29415736 is divided by 1609?
1607
What is the remainder when 816 is divided by 490?
326
Calculate the remainder when 530163 is divided by 1008.
963
Calculate the remainder when 186784681 is divided by 61.
58
Calculate the remainder when 14611884 is divided by 316.
44
Calculate the remainder when 149993 is divided by 18563.
1489
Calculate the remainder when 14671812 is divided by 41329.
17
What is the remainder when 181891 is divided by 104?
99
Calculate the remainder when 203655400 is divided by 3517.
3515
Calculate the remainder when 435510 is divided by 98.
96
What is the remainder when 859947788 is divided by 5035?
5033
Calculate the remainder when 1753394 is divided by 878.
28
Calculate the remainder when 604921 is divided by 15500.
421
What is the remainder when 41767 is divided by 13873?
148
Calculate the remainder when 37264 is divided by 3302.
942
Calculate the remainder when 71950 is divided by 1377.
346
Calculate the remainder when 4958253 is divided by 991597.
268
Calculate the remainder when 8542224 is divided by 116.
100
What is the remainder when 1506400 is divided by 113?
110
What is the remainder when 61572 is divided by 1661?
115
Calculate the remainder when 6227544 is divided by 42078.
0
What is the remainder when 30779663 is divided by 421639?
16
What is the remainder when 870014 is divided by 221?
158
What is the remainder when 5757099 is divided by 1140?
99
Calculate the remainder when 534754 is divided by 378.
262
Calculate the remainder when 32979098 is divided by 140.
138
Calculate the remainder when 32338 is divided by 16072.
194
Calculate the remainder when 21384430 is divided by 22.
12
Calculate the remainder when 81838921 is divided by 66.
43
Calculate the remainder when 144212 is divided by 732.
8
What is the remainder when 12510870 is divided by 6163?
6143
Calculate the remainder when 153498 is divided by 153455.
43
Calculate the remainder when 29999774 is divided by 4319.
0
What is the remainder when 108268156 is divided by 4394?
4390
Calculate the remainder when 9942785 is divided by 882.
881
What is the remainder when 19859355 is divided by 2092?
2091
What is the remainder when 41408 is divided by 2032?
768
What is the remainder when 5841129 is divided by 36?
21
What is the remainder when 13433898 is divided by 2686775?
23
What is the remainder when 57112650 is divided by 1736?
1722
What is the remainder when 412201917 is divided by 480?
477
What is the remainder when 386009 is divided by 478